4625
In base 12, what is 0 - -9a3?
9a3
In base 8, what is -5012150 - 2?
-5012152
In base 3, what is -1212 + 1012201?
1010212
In base 16, what is -ab + -1336?
-13e1
In base 8, what is -166 + -654?
-1042
In base 15, what is 8247 - -1?
8248
In base 9, what is 3450 - -105?
3555
In base 12, what is 9 - -185031?
18503a
In base 10, what is -147088 + 0?
-147088
In base 9, what is 460 + 602?
1162
In base 13, what is -48 + 32c?
2b4
In base 6, what is 2411 - 13112?
-10301
In base 9, what is -1 + 85854?
85853
In base 2, what is 1100000111110100001 + 1000?
1100000111110101001
In base 13, what is 5 - -65cc?
6604
In base 4, what is -2203 - -133211?
131002
In base 7, what is 1151 - 206?
642
In base 3, what is -211200000 + -11?
-211200011
In base 14, what is 193 - -a02?
b95
In base 7, what is 5 + 243115?
243123
In base 13, what is -16961 + 3?
-1695b
In base 12, what is 131780 + 4?
131784
In base 15, what is -5 + 611d?
6118
In base 14, what is 9 + -689?
-680
In base 5, what is -2 + 10220021?
10220014
In base 3, what is 101001 + -22001120?
-21200112
In base 8, what is 14 + -22666?
-22652
In base 4, what is -1013201 + 10130?
-1003011
In base 9, what is -172 + -532?
-714
In base 14, what is 42ca - 42?
4288
In base 3, what is 1010122201 - -10100?
1010210001
In base 15, what is -4b3b2 + -5?
-4b3b7
In base 13, what is 0 - c6561?
-c6561
In base 15, what is 3 - aab1?
-aaad
In base 2, what is -10 + 111111000110010?
111111000110000
In base 14, what is ccc1 + 4?
ccc5
In base 10, what is -247 + 435?
188
In base 9, what is -700 - -30?
-660
In base 7, what is -22332 + 243?
-22056
In base 10, what is -24 - -6234?
6210
In base 15, what is 820 + -210?
610
In base 8, what is 1455 - 43?
1412
In base 16, what is -31 - eb?
-11c
In base 8, what is -712 - 1272?
-2204
In base 16, what is 5 - 384f?
-384a
In base 12, what is -192b81 - -3?
-192b7a
In base 9, what is -5 + 80867?
80862
In base 12, what is -730b1 - -3?
-730aa
In base 3, what is -110121110211 + 10?
-110121110201
In base 4, what is -2 - 1112111122?
-1112111130
In base 2, what is 10 + -11001111111011011000?
-11001111111011010110
In base 7, what is 241123 + 5?
241131
In base 4, what is -1031331320 - -11?
-1031331303
In base 13, what is -56b - 62?
-600
In base 3, what is -12122 - -12101?
-21
In base 14, what is 289 + 470?
719
In base 13, what is -1 - -a49?
a48
In base 7, what is -30 - 6523?
-6553
In base 9, what is 30318 + -13?
30305
In base 9, what is 27015 - 4?
27011
In base 13, what is -226 - -190?
-66
In base 7, what is 5 - -4163336?
4163344
In base 8, what is 637 + -4?
633
In base 8, what is -2400 - 3163?
-5563
In base 11, what is 15193 + -1?
15192
In base 11, what is 8 - -142180?
142188
In base 14, what is 8d1 + 25?
916
In base 4, what is -3110302 - 1231?
-3112133
In base 15, what is 2 - 346ab?
-346a9
In base 16, what is -43 + -32e?
-371
In base 8, what is 537 - -16132?
16671
In base 2, what is -1101010110011110 - 11010?
-1101010110111000
In base 3, what is -122 - 211100112200?
-211100120022
In base 11, what is 4a7a6 + -2?
4a7a4
In base 4, what is 11330 + 203?
12133
In base 14, what is -476 - 15?
-48b
In base 3, what is -12212211120212 + -11?
-12212211121000
In base 3, what is 2010200 + -122?
2010001
In base 6, what is 234 - 2045?
-1411
In base 8, what is -406 + 1077?
471
In base 12, what is 45 + 3ba?
443
In base 8, what is 24 + -143434?
-143410
In base 4, what is -33003122 - 3?
-33003131
In base 3, what is 1010122222200 - -2?
1010122222202
In base 2, what is 10 + 111011010110110?
111011010111000
In base 2, what is -100010000 + -110100?
-101000100
In base 14, what is 1118 + 1d?
1137
In base 13, what is 7829b - 18?
78283
In base 7, what is 12555 + 1?
12556
In base 7, what is 223 - 2013?
-1460
In base 8, what is 46726 - -6?
46734
In base 7, what is 0 - -1261643?
1261643
In base 16, what is 6710b + 3?
6710e
In base 14, what is 2ba9 + 43?
2c0c
In base 13, what is -6c + -5c1b?
-5c8a
In base 16, what is -2c3 + 425?
162
In base 3, what is 1 - -1122002212021?
1122002212022
In base 2, what is -11010 + 110111100011?
110111001001
In base 16, what is 1cae - -7?
1cb5
In base 11, what is -4 + -315260?
-315264
In base 11, what is 2324 - 581?
1853
In base 10, what is -938 + -1?
-939
In base 11, what is 3 - 2584a7?
-2584a4
In base 12, what is -13 + 840?
829
In base 11, what is 10670 - 2?
10669
In base 13, what is 1149 - -3b?
1187
In base 14, what is -5 - 186a29?
-186a30
In base 8, what is -61 - -1562?
1501
In base 3, what is -12 - 1100220001001?
-1100220001020
In base 11, what is 464 - 15?
44a
In base 9, what is 611 - 701?
-80
In base 9, what is 128771 + 0?
128771
In base 3, what is 11020000 - -20020?
11110020
In base 13, what is -53 - -1c1b6?
1c163
In base 16, what is 47518 + -3?
47515
In base 3, what is 2102 - -1000012?
1002121
In base 8, what is -4571 - 4?
-4575
In base 13, what is -595 - -605?
40
In base 6, what is -4 + 21551011?
21551003
In base 9, what is -2 - 762?
-764
In base 9, what is -377 + -106?
-484
In base 15, what is 1 - -30ad?
30ae
In base 11, what is -5 - -21024?
2101a
In base 11, what is 3467 - -12?
3479
In base 6, what is 34524 - 100?
34424
In base 10, what is 3 - -49521?
49524
In base 8, what is -124 - 12136?
-12262
In base 9, what is 16 + 2862?
2878
In base 4, what is -3113331 - -2021?
-3111310
In base 4, what is 32 + 10212221?
10212313
In base 2, what is -11010110 - 110?
-11011100
In base 3, what is -220100100200 - -10?
-220100100120
In base 2, what is -110 + 1001000100011101101?
1001000100011100111
In base 2, what is 1110011111 + 111100000?
10101111111
In base 13, what is -29243 - -6?
-2923a
In base 3, what is -1001102000020 + -10?
-1001102000100
In base 7, what is 425 - 141?
254
In base 3, what is 2010212 + 120?
2011102
In base 14, what is -33b8b - -4?
-33b87
In base 8, what is -16 - 12373?
-12411
In base 3, what is 1 + 2000002102?
2000002110
In base 8, what is 3407566 + 0?
3407566
In base 10, what is 57 - -109?
166
In base 10, what is -1 + 244386?
244385
In base 16, what is -2e502 + 1?
-2e501
In base 16, what is 4 - 3306?
-3302
In base 11, what is -194 - 771?
-955
In base 4, what is 13 + -1223013012?
-1223012333
In base 3, what is -1221 + -12220?
-21211
In base 5, what is 222033 + 3?
222041
In base 13, what is -5c - -8c8?
869
In base 13, what is -23 - -170?
14a
In base 2, what is -1111 - -1000111101101?
1000111011110
In base 4, what is 10 + 2110122?
2110132
In base 13, what is 18953 - -3?
18956
In base 13, what is -15 + 12244?
1222c
In base 3, what is 0 + -12211200112?
-12211200112
In base 11, what is -200588 + -7?
-200594
In base 7, what is -215 - 11256?
-11504
In base 14, what is -16b75 - 1?
-16b76
In base 16, what is 2b1 - 6?
2ab
In base 12, what is 924 - 41?
8a3
In base 8, what is -235022 + 1?
-235021
In base 12, what is 25 - -20534?
20559
In base 4, what is -1212100330 - 1?
-1212100331
In base 2, what is 11010101 + -100101001011?
-100001110110
In base 13, what is -9aa43 - 7?
-9aa4a
In base 14, what is 276d1 - b?
276c4
In base 13, what is -13897 - 4?
-1389b
In base 6, what is -313044 + 105?
-312535
In base 9, what is 2445 + 1?
2446
In base 5, what is -13033411 + 111?
-13033300
In base 16, what is -4f782d + 5?
-4f7828
In base 7, what is -2220605 - 5?
-2220613
In base 9, what is -114 - -164?
50
In base 11, what is 4493 - 2?
4491
In base 10, what is -348 - -59?
-289
In base 3, what is 1011121222 - -111?
1011122110
In base 16, what is 21 + 15365?
15386
In base 4, what is -33302 + -21?
-33323
In base 16, what is f6119 - 2?
f6117
In base 16, what is 3 + -1699?
-1696
In base 3, what is 121 + -100011210211?
-100011210020
In base 12, what is 949a5 + -5?
949a0
In base 5, what is -1240013232 + 10?
-1240013222
In base 11, what is -1453 - -156?
-12a8
In base 15, what is -11e73 - -3?
-11e70
In base 15, what is -3 + -72eb7?
-72eba
In base 8, what is 6 + 40705?
40713
In base 8, what is 22 - 30567?
-30545
In base 6, what is -350025 + 3?
-350022
In base 2, what is 11000000100 + 101000?
11000101100
In base 13, what is cb0 - -2b?
100b
In base 2, what is 111101 + 1000100011111?
1000101011100
In base 7, what is 1226501 - 3?
1226465
In base 8, what is 7514 - 1?
7513
In base 8, what is -14165 + 0?
-14165
In base 13, what is 2 + 130931?
130933
In base 10, what is 50523 - -2?
50525
In base 12, what is 359 + -19?
340
In base 6, what